te (-14 - -2) + (-9 - -19).
-2
What is -1 + (6 - 4) - 4?
-3
Evaluate 2 + 1 + -1 + (-3 - -5).
4
What is the value of -2 - (4 - 7) - (-3 - 3)?
7
What is the value of (6 - 2 - 2) + -7?
-5
Evaluate -2 - (0 - (-4 - -1)).
-5
What is the value of (0 - -1 - 4) + 0?
-3
3 + -16 + 10 + -5
-8
What is the value of 4 - ((17 - (12 + -6)) + -5)?
-2
1 + 1 - ((-4 - -3) + -1)
4
(43 - 43 - (1 - 6)) + -2
3
2 + 5 - (-11 + 12) - 0
6
What is the value of 0 + -3 + (-4 - -3)?
-4
What is the value of 1 + -4 + 0 + 0?
-3
What is the value of 6 - 2 - (55 - 50)?
-1
-4 + 0 + -7 + 7
-4
-3 + (6 - (-8 + 8))
3
(-1 - -13) + (2 - 10)
4
What is -16 + 3 + 9 + 14?
10
What is the value of -1 + (5 - 0 - 10)?
-6
Evaluate (4 - (-5 + 18)) + (0 - -4).
-5
What is (6 + -4 - 4) + 6?
4
Calculate 7 + -6 + 10 + -5.
6
What is the value of 2 - (7 + -2) - -9?
6
What is -3 - (2 - (-2 - -7))?
0
What is (0 - 1) + -2 - 0?
-3
What is 5 - (0 + 3 + -1) - -3?
6
(-4 + 2 - (1 - 2)) + 7
6
What is -1 - (-9 + 4 + -3 - -2)?
5
What is the value of 22 + -22 - (1 + -2)?
1
What is the value of -95 - -91 - (-11 - 0)?
7
What is 5 - 0 - (-3 - (1 - 5))?
4
-4 - (-6 - 4 - -4)
2
0 + -1 + 3 + 3 + -4
1
What is 1 - (-1 - (-6 - -4)) - -4?
4
What is the value of -6 - ((5 - (5 - 0)) + -4)?
-2
Calculate 10 - 5 - (-4 - 0 - -4).
5
What is the value of 1 - (-9 + 1 + -20 + 24)?
5
What is (-1 + (-1 - -1) - -1) + 9?
9
Evaluate -1 + 0 + (-13 - -9).
-5
Calculate 4 - ((6 - 3) + -4 + 11).
-6
Calculate 2 + -11 + 1 + 2.
-6
What is -7 - (-11 - -4) - 5?
-5
What is -10 + 3 + (4 - (0 - -2))?
-5
(-1 - (3 + 1)) + (34 - 29)
0
Calculate (5 - 16) + (-2 - -7) + 0.
-6
Calculate -1 - 2 - (-1 + -5).
3
Evaluate 1 + 5 - (2 - -1).
3
What is (8 - 8) + (-5 - -3)?
-2
Evaluate (-1 - -5) + 2 - 3.
3
What is -9 + (15 - 7 - 0)?
-1
Evaluate (-8 + 6 - (1 + 1)) + 8.
4
What is 2 + -2 - (8 - 4)?
-4
What is (1 - -3) + -1 - 6 - -3?
0
(13 - 11) + -17 - -6
-9
What is the value of 11 + -12 - (-4 - (-2 - -3))?
4
(0 - 2) + -11 + (-17 - -30)
0
What is 6 + -12 - (0 + -10)?
4
Calculate (-5 - -4) + -3 + (1 - 0).
-3
Calculate 1 + -1 + 1 - (60 - 66).
7
What is 12 + -12 + -5 + (0 - -2)?
-3
Calculate -4 - (0 + 1 + -10 + 3).
2
Evaluate 6 + (-13 + (-2 - -4) - 0).
-5
What is the value of (7 + 0 - 0) + (8 - 17)?
-2
What is (-6 - (0 - -2)) + -30 + 31?
-7
Evaluate -2 + 2 - ((-12 - -7) + 0).
5
0 + (6 - (2 - -1))
3
Evaluate -6 + 12 + 0 + -1 - 5.
0
Evaluate 8 + -6 - (6 - 4).
0
Calculate -4 - (4 + -5) - -1.
-2
What is the value of (-1 - 12) + (-131 - -143)?
-1
-4 + 3 + 8 - 4
3
(-47 - -38) + -1 + 4
-6
Calculate -2 + -2 + 6 + -3 + -4.
-5
What is the value of (-15 - -16) + (-1 - 6) + 5?
-1
What is the value of (1 - 0 - 2) + -8 + 11?
2
Evaluate 1 - (5 + 0 + 1 + -11).
6
What is -2 + 3 + -6 + 4 + 1?
0
What is the value of 12 + (0 - -2) + -7 + 1?
8
What is the value of (-2 - -2) + (-44 - -47)?
3
What is -10 + 10 + -10 - (-5 + 1)?
-6
What is (-8 - 12 - -13) + 9?
2
2 - (0 - -3 - -3)
-4
What is the value of (0 - -1) + 2 + -1?
2
Evaluate -4 - (1 - -1 - (5 + 0)).
-1
What is the value of -4 + (2 - -3) + -1 + -3?
-3
What is -7 + (6 - (-3 + 7))?
-5
3 - (14 + -4 - 4)
-3
Calculate 1 + (-3 - -4 - -3) + -5.
0
What is the value of -1 - 0 - 0 - (12 + -13)?
0
What is (-2 - (10 - 2)) + 19?
9
Evaluate -3 + -1 + (-4 - -9 - 6).
-5
Calculate (390 - 385) + -6 + (-1 - 0).
-2
Evaluate 3 + (-5 - -1) - 1.
-2
What is the value of 5 - (-4 + 8 - 2 - 0)?
3
What is the value of -2 - 0 - (-1 - -1) - 3?
-5
Evaluate (-2 - 2) + (2 - 2) - 0.
-4
Calculate 2 - (-2 + 0) - (0 - 0).
4
Evaluate (-8 - (10 - 12)) + 3.
-3
What is 11 - 0 - (59 - 49)?
1
What is (9 - (20 + -2)) + 15?
6
Calculate 12 - (6 + -3 + 3).
6
What is (2 - 2 - 4) + -3 + 3?
-4
What is the value of (55 - 51) + -1 + 1?
4
(-40 - -36) + 9 + 4
9
Evaluate (-1 + 7 - 8) + (2 - 0).
0
(-1 - 2) + 0 - 0
-3
Evaluate 3 - (-7 + 4 - (0 - 0)).
6
Evaluate -6 - 0 - (-4 + 6 - 4).
-4
-3 - (2 + 0 - 2)
-3
Calculate (5 - (-1 + 2)) + (-66 - -66).
4
(10 - -1) + (-22 - -17)
6
Calculate -2 + (6 - (1 + -1 + 2)).
2
(-7 - -7) + -12 + 20
8
-5 + (-2 - -5) - -2
0
Evaluate 2 + -3 + 7 + -3 + -8.
-5
What is (1 - (-5 + 14)) + 13?
5
Evaluate (-11 - -1) + -1 + 0.
-11
What is the value of -4 + (-4 - (-13 - (1 + -3)))?
3
Evaluate (-10 - -14) + -6 + (-2 - 0).
-4
What is (-4 - (-2 - -8)) + 7 - -10?
7
Calculate -4 + -2 - (1 + (16 - 24)).
1
Calculate 2 - -2 - (38 - 35).
1
What is -3 - (5 + -2 + -4) - -6?
4
What is -1 - 0 - (12 - 17) - 8?
-4
What is -4 - (7 + (-2 - 7))?
-2
What is (73 - 83) + -2 + 17?
5
What is -12 + (6 - 1) - -12?
5
(-1 - -4 - (26 + -24)) + 7
8
What is (-2 - (-1 + 0)) + -2 + -2?
-5
Evaluate 1 - (0 - 1 - 0).
2
What is the value of (-11 - -4) + 0 + 2?
-5
Evaluate (1 - 9) + (25 - 23).
-6
What is the value of (-4 + 12 - 5) + -1 + -5?
-3
Evaluate (-1 - 2) + 0 - (-1 - 6).
4
Evaluate -1 + -5 - (2 + -5 + 1).
-4
What is (-1 - 7) + -9 + 14?
-3
What is the value of (8 - 10) + (-4 - -7) + -6?
-5
Evaluate -5 - (1 + -15 + 12).
-3
Calculate 2 + (7 - (-3 - -2 - -13)).
-3
(-1 - -3) + 26 + -24
4
What is 2 - (-1 - (-2 - -3 - 1))?
3
What is the value of -9 - (6 + (0 - 10))?
-5
(-9 - -15) + (-4 - (-1 - -2))
1
What is 0 + (2 - 4 - 2) + 0?
-4
What is the value of -1 + 5 - (-114 + 121)?
-3
What is 2 + -3 - 0 - (-45 + 48)?
-4
What is the value of (1 - 4) + 0 - -1?
-2
Calculate (1 - 4) + -1 + (1 - -2).
-1
8 - 10 - (19 + -11)
-10
What is (0 - 6) + (-8 - -11) + 1?
-2
What is the value of (4 - 3) + 0 - 1?
0
-3 + (1 - (6 + -14))
6
-2 - -4 - (-9 - -9)
2
Evaluate -1 + -3 + (6 - 0) + -2.
0
(-1 - 2) + -7 + 9 - -3
2
Calculate 3 - (4 + (1 - 3)).
1
11 - (4 + (9 - 7))
5
What is 9 + 0 - 0 - 4?
5
What is the value of (23 - 26) + (4 - -1)?
2
What is -5 + (10 - 2 - (-2 + 6))?
-1
Calculate (9 - 11) + (2 - 2) + 0.
-2
What is the value of -18 + 23 + (1 - 4)?
2
Calculate -42 + 38 + (0 - (-1 + 0)).
-3
-30 - -32 - (3 + 2)
-3
5 + (-7 - -5) + -4
-1
What is 7 + (3 - (-3 - 0) - 11)?
2
Evaluate (12 - 2) + (31 - 36).
5
37 + -35 + 3 + 0
5
Calculate (-8 + -1 - -7) + 4.
2
Evaluate 4 - (-1 + 0) - (281 + -284).
8
(-5 + 1 - -6) + 2
4
Evaluate (16 - 20) + (-1 + 9 - 2).
2
Evaluate (3 - -1 - 8) + -6 + 15.
5
8 + -11 + 11 - 9
-1
-93 - -89 - ((0 - 0) + 3)
-7
What is -11 - (-22 - -8) - (-1 - -4)?
0
Calculate 2 + 1 + 1 - 5.
-1
Calculate -53 + 57 + (2 - 14).
-8
What is the value of 3 - (-5 + 10 + -6) - -2?
6
Calculate -37 + 43 + (-2 - -2).
6
What is the value of 5 - (-1 + 7 + 0)?
-1
0 - (2 + (8 - 7))
-3
Evaluate (-7 - -9 - 3) + 2 - 7.
-6
Evaluate (11 - (9 - 4)) + -1.
5
Calculate 3 + (0 - 1 - (-9 - -12)).
-1
What is the value of 0 - -3 - ((-6 - -2) + 8)?
-1
Evaluate -11 + -9 + (12 - 0).
-8
What is the value of 4 + -11 + (20 - 8)?
5
What is the value of -12 - (3 + -2 + -11)?
-2
Calculate 3 + (-1 - 1) + (-3 - -4).
2
(-1 - -1) + 23 + -22
1
Evaluate (-3 + -1 - -2) + -1 - -4.
1
Calculate 4 - 5 - (2 - 0).
-3
Evaluate 2 + 2 + (-44 - -43).
3
Evaluate -6 - -4 - -2 - -2 - 2.
0
What is 3 - (7 + 1) - -3?
-2
Calculate 1 - 0 - -1 - -1.
3
What is -8 + (-2 - ((-9 - 0) + 6))?
-7
-9 + 4 + -9 + 6
-8
-14 + 29 + (2 - 2) - 7
8
Evaluate -5 - (-2 + -4 - 2).
3
0 + (1 - -3 - 1)
3
What is the value of -2 - 1 - (5 - (2 + 1))?
-5
What is the value of (-6 - -12) + -12 - -8?
2
What is the value of -4 - -8 - 3 - -1?
2
What is the value of -3 + -1 + 2 - -3?
1
What is the value of 18 - 11 - 21 - -11?
-3
Calculate -3 + 4 + (-4 + -1 - -1).
-3
Calculate -5 + 11 - (4 - -2).
0
What is (-26 - -19) + (10 - -2)?
5
What is the value of -7 + -1 + 102 + -100?
-6
What is 9 + -15 + (0 - (2 - 3))?
-5
What is the value of 7 + (-7 - (1 + -8) - 1)?
6
Calculate -15 - (-7 + 2 + -3).
-7
Evaluate 2 + (15 - 8) + -8.
1
-11 - (2 + -14 + 7)
-6
Evaluate -2 + (1 - (2 + -3 + 5)).
-5
Calculate 4 - (-25 + 29 + -3 + 2).
1
What is the value of (1 - -6) + (34 - 22 - 15)?
4
What is 1 - 9 - -9 - (1 - -1)?
-1
What is the value of 2 + (-3 - -3) + (-2 - -5)?
5
What is -2 + 2 + -3 - (0 - 3)?
0
1 + (1 - 0) + (-3 - -6)
5
Calculate 11 - (9 + 2 - 2).
2
0 + 2 + (2 + -1 - -2)
5
What is (0 - -2) + -3 + -1 - 0?
-2
Calculate -3 + (-5 - ((-4 - 9) + 4)).
1
What is -1 + ((2 - 6) + 4 - 3)?
-4
Evaluate -5 + 13 + -3 + -4.
1
Evaluate 7 - (9 - 3) - -5 - 4.
2
-1 + 0 + 1 + (-138 - -138)
0
Calculate (1 - -3) + -2 + -2 + -2.
-2
-8 + 11 + -2 + 6
7
-10 - (0 - 5) - -3
-2
-2 + (6 - 8) + -4
-8
Evaluate -3 - (-3 + (5 - 4)).
-1
Evaluate -7 + 1 + 3 + 7.
4
Evaluate 3 +